ctors of 7576047?
3, 29, 29027
List the prime factors of 53513639.
97, 701, 787
What are the prime factors of 162128326?
2, 31, 107, 24439
List the prime factors of 3805977210.
2, 3, 5, 7, 19, 23, 67, 619
What are the prime factors of 2279918716?
2, 181, 3149059
List the prime factors of 186571465.
5, 37314293
List the prime factors of 218822749.
421, 519769
List the prime factors of 3026396.
2, 19, 39821
List the prime factors of 28357817.
67, 423251
List the prime factors of 189800768.
2, 61, 797
List the prime factors of 5612042505.
3, 5, 374136167
List the prime factors of 245562302.
2, 122781151
List the prime factors of 2091843905.
5, 23, 18189947
What are the prime factors of 1493788874?
2, 47, 15891371
What are the prime factors of 5028914812?
2, 73, 17222311
What are the prime factors of 4748813983?
17, 1913, 146023
List the prime factors of 65553948.
2, 3, 202327
What are the prime factors of 219236142?
2, 3, 617, 59221
List the prime factors of 6297271435.
5, 7, 13, 13840157
List the prime factors of 1324245001.
1324245001
What are the prime factors of 68651228?
2, 23, 746209
List the prime factors of 3785942718.
2, 3, 210330151
List the prime factors of 2424878187.
3, 31, 113, 230743
What are the prime factors of 43903367?
17, 2582551
What are the prime factors of 4904204003?
23, 53, 211, 829
What are the prime factors of 253247078?
2, 7, 41, 283, 1559
List the prime factors of 4747200892.
2, 7, 169542889
What are the prime factors of 6741467476?
2, 41, 41106509
What are the prime factors of 2836889288?
2, 107, 293, 11311
List the prime factors of 19271540.
2, 5, 17, 56681
List the prime factors of 2062649914.
2, 13, 31, 107, 23917
What are the prime factors of 2415066477?
3, 3863, 208393
List the prime factors of 219922966.
2, 1601, 68683
What are the prime factors of 70402090?
2, 5, 11, 640019
What are the prime factors of 415972633?
1301, 319733
List the prime factors of 2072646455.
5, 11, 263, 143287
List the prime factors of 57948653.
7, 347, 23857
List the prime factors of 45146222.
2, 11, 61, 33641
What are the prime factors of 2480825985?
3, 5, 11, 379, 39671
List the prime factors of 1894082265.
3, 5, 71, 197609
What are the prime factors of 47226202?
2, 757, 31193
What are the prime factors of 57187388?
2, 17, 840991
List the prime factors of 2172406049.
11, 37, 641, 757
List the prime factors of 299598813.
3, 33288757
List the prime factors of 896189785.
5, 397, 451481
What are the prime factors of 342676416?
2, 3, 1784773
List the prime factors of 4474843502.
2, 467, 757, 6329
List the prime factors of 20810980.
2, 5, 29, 53, 677
What are the prime factors of 380803776?
2, 3, 19, 47, 2221
List the prime factors of 376676527.
376676527
List the prime factors of 883216631.
11, 443, 16477
What are the prime factors of 80450812?
2, 13, 1547131
What are the prime factors of 7497781091?
163, 239, 192463
What are the prime factors of 412409488?
2, 41, 628673
List the prime factors of 11027159.
11, 13, 59, 1307
List the prime factors of 1080239852.
2, 53, 5095471
What are the prime factors of 736967617?
131, 5625707
List the prime factors of 49321030.
2, 5, 11, 448373
List the prime factors of 2682717244.
2, 163, 4114597
List the prime factors of 992303086.
2, 496151543
What are the prime factors of 34927085?
5, 79, 88423
List the prime factors of 353216744.
2, 313, 141061
What are the prime factors of 2411660959?
41, 58820999
List the prime factors of 28681968.
2, 3, 7, 85363
What are the prime factors of 389939084?
2, 61, 1598111
List the prime factors of 26523895.
5, 83, 63913
What are the prime factors of 1131043610?
2, 5, 4451, 25411
List the prime factors of 2466459650.
2, 5, 49329193
List the prime factors of 56934369.
3, 6326041
What are the prime factors of 1201522382?
2, 47, 12782153
What are the prime factors of 1559006167?
1559006167
What are the prime factors of 3928619363?
43, 91363241
List the prime factors of 5869094169.
3, 1956364723
List the prime factors of 2436982091.
757, 1259, 2557
List the prime factors of 954656997.
3, 7, 31, 41, 47, 761
List the prime factors of 5174877118.
2, 1439, 1798081
What are the prime factors of 663689670?
2, 3, 5, 7, 3160427
List the prime factors of 4904202440.
2, 5, 1019, 120319
List the prime factors of 42485800.
2, 5, 7, 30347
List the prime factors of 40683832.
2, 7, 726497
What are the prime factors of 326528901?
3, 4031221
What are the prime factors of 92972140?
2, 5, 983, 4729
List the prime factors of 31269210.
2, 3, 5, 7, 61, 2441
What are the prime factors of 65299929?
3, 43, 506201
What are the prime factors of 82906786?
2, 41453393
List the prime factors of 1193242453.
13, 91787881
List the prime factors of 53525254.
2, 41, 652747
List the prime factors of 45332674.
2, 4733, 4789
What are the prime factors of 109239289?
151, 723439
List the prime factors of 515428188.
2, 3, 11, 3904759
What are the prime factors of 587921261?
47, 12508963
What are the prime factors of 48503798?
2, 7, 53, 131, 499
What are the prime factors of 5918128?
2, 211, 1753
What are the prime factors of 21649683?
3, 11, 19, 43, 73
List the prime factors of 2962796892.
2, 3, 11, 22445431
List the prime factors of 62600281.
62600281
What are the prime factors of 2769823123?
31, 3539, 25247
What are the prime factors of 14151954?
2, 3, 53, 191, 233
What are the prime factors of 53432660?
2, 5, 43, 62131
List the prime factors of 2511940.
2, 5, 125597
What are the prime factors of 152150890?
2, 5, 15215089
List the prime factors of 1302273499.
73, 17839363
List the prime factors of 116706416.
2, 23, 103, 3079
What are the prime factors of 146686500?
2, 3, 5, 37, 881
What are the prime factors of 1772192696?
2, 431, 513977
List the prime factors of 44475604.
2, 17, 654053
What are the prime factors of 1772588438?
2, 1213, 730663
What are the prime factors of 437662931?
437662931
List the prime factors of 6486288549.
3, 13, 166315091
List the prime factors of 66895343.
179, 373717
List the prime factors of 199169051.
107, 109, 17077
What are the prime factors of 55123486?
2, 11, 17, 13399
What are the prime factors of 2231382?
2, 3, 371897
List the prime factors of 6179677.
7, 157, 5623
List the prime factors of 14672754.
2, 3, 887, 919
List the prime factors of 467959929.
3, 155986643
What are the prime factors of 541023782?
2, 13, 41, 503, 1009
List the prime factors of 279031398.
2, 3, 46505233
List the prime factors of 584061383.
191, 3057913
What are the prime factors of 344070949?
59, 149, 39139
What are the prime factors of 623542170?
2, 3, 5, 173, 317, 379
What are the prime factors of 5885243097?
3, 59, 33249961
List the prime factors of 568153817.
7, 11, 61, 73, 1657
List the prime factors of 36965263.
36965263
What are the prime factors of 37567802?
2, 37, 507673
What are the prime factors of 112239201?
3, 37413067
What are the prime factors of 61868122?
2, 71, 293, 1487
What are the prime factors of 59964616?
2, 7495577
What are the prime factors of 4551971798?
2, 11, 283, 787, 929
What are the prime factors of 14324785?
5, 41, 69877
List the prime factors of 34810593.
3, 2311, 5021
What are the prime factors of 824982757?
31, 719, 37013
List the prime factors of 59904946.
2, 53, 491, 1151
What are the prime factors of 2812733071?
43, 167, 391691
What are the prime factors of 716675751?
3, 11, 67, 103, 1049
List the prime factors of 270484182.
2, 3, 15026899
List the prime factors of 31398150.
2, 3, 5, 7, 17, 1759
What are the prime factors of 254073319?
107, 2374517
What are the prime factors of 5593764845?
5, 131, 8540099
List the prime factors of 52084899.
3, 29, 199559
What are the prime factors of 292716970?
2, 5, 7, 13, 67, 4801
What are the prime factors of 2136217189?
59, 36207071
List the prime factors of 524526745.
5, 6301, 16649
List the prime factors of 69643423.
59, 1180397
List the prime factors of 1164972999.
3, 16193, 23981
What are the prime factors of 4108324?
2, 11, 93371
What are the prime factors of 876760451?
7, 29, 4319017
List the prime factors of 757698703.
47, 16121249
List the prime factors of 5165087.
23, 224569
List the prime factors of 609080919.
3, 203026973
List the prime factors of 167575040.
2, 5, 67, 977
What are the prime factors of 142761108?
2